{"id":22,"date":"2020-12-30T22:32:55","date_gmt":"2020-12-30T21:32:55","guid":{"rendered":"http:\/\/www.fprenovation.com\/?page_id=22"},"modified":"2023-03-07T12:53:05","modified_gmt":"2023-03-07T11:53:05","slug":"nos-realisations","status":"publish","type":"page","link":"https:\/\/www.fprenovation.com\/index.php\/nos-realisations\/","title":{"rendered":"Nos r\u00e9alisations"},"content":{"rendered":"\n<p class=\"has-black-color has-cyan-bluish-gray-background-color has-text-color has-background\">Projet Lacanau<\/p>\n\n\n\n<h2>R\u00e9novation totale d&rsquo;une maison de deux \u00e9tages avec reprises structurelles importantes<\/h2>\n\n\n\n<figure class=\"wp-block-image size-full is-resized is-style-rounded\"><img loading=\"lazy\" src=\"https:\/\/www.fprenovation.com\/wp-content\/uploads\/2023\/03\/WhatsApp-Image-2023-03-06-at-08.30.44-7-1.jpeg\" alt=\"\" class=\"wp-image-189\" width=\"544\" height=\"725\" srcset=\"https:\/\/www.fprenovation.com\/wp-content\/uploads\/2023\/03\/WhatsApp-Image-2023-03-06-at-08.30.44-7-1.jpeg 768w, https:\/\/www.fprenovation.com\/wp-content\/uploads\/2023\/03\/WhatsApp-Image-2023-03-06-at-08.30.44-7-1-225x300.jpeg 225w\" sizes=\"(max-width: 544px) 100vw, 544px\" \/><figcaption>Reprises structurelles, pose de parquet en ch\u00eane, peintures, escalier sur mesure<\/figcaption><\/figure>\n\n\n\n<p class=\"has-black-color has-cyan-bluish-gray-background-color has-text-color has-background\">Projet Morrison<\/p>\n\n\n\n<div class=\"wp-block-group\"><div class=\"wp-block-group__inner-container\"><\/div><\/div>\n\n\n\n<h2>Agrandissement de la cuisine et cr\u00e9ation d&rsquo;un cellier<\/h2>\n\n\n\n<div class=\"wp-block-image is-style-rounded\"><figure class=\"aligncenter size-full is-resized\"><img loading=\"lazy\" src=\"http:\/\/www.fprenovation.com\/wp-content\/uploads\/2020\/12\/WhatsApp-Image-2020-10-31-at-15.15.23.jpeg\" alt=\"\" class=\"wp-image-43\" width=\"481\" height=\"321\" srcset=\"https:\/\/www.fprenovation.com\/wp-content\/uploads\/2020\/12\/WhatsApp-Image-2020-10-31-at-15.15.23.jpeg 1200w, https:\/\/www.fprenovation.com\/wp-content\/uploads\/2020\/12\/WhatsApp-Image-2020-10-31-at-15.15.23-300x200.jpeg 300w, https:\/\/www.fprenovation.com\/wp-content\/uploads\/2020\/12\/WhatsApp-Image-2020-10-31-at-15.15.23-1024x683.jpeg 1024w, https:\/\/www.fprenovation.com\/wp-content\/uploads\/2020\/12\/WhatsApp-Image-2020-10-31-at-15.15.23-768x512.jpeg 768w\" sizes=\"(max-width: 481px) 100vw, 481px\" \/><\/figure><\/div>\n\n\n\n<blockquote class=\"wp-block-quote\"><p>Alternance de fa\u00efences CASALUX mates et brillantes en chevron pour une cr\u00e9dence \u00e9l\u00e9gante et originale<\/p><\/blockquote>\n\n\n\n<p class=\"has-black-color has-cyan-bluish-gray-background-color has-text-color has-background\">Projet Raymondis<\/p>\n\n\n\n<h2>R\u00e9am\u00e9nagement complet du rez de chauss\u00e9e d&rsquo;une maison pour cr\u00e9er deux chambres et une salle de jeux<\/h2>\n\n\n\n<figure class=\"wp-block-image size-large is-resized is-style-rounded\"><img loading=\"lazy\" src=\"http:\/\/www.fprenovation.com\/wp-content\/uploads\/2020\/12\/WhatsApp-Image-2020-11-17-at-20.46.05-1-1-1024x576.jpeg\" alt=\"\" class=\"wp-image-53\" width=\"589\" height=\"331\" srcset=\"https:\/\/www.fprenovation.com\/wp-content\/uploads\/2020\/12\/WhatsApp-Image-2020-11-17-at-20.46.05-1-1-1024x576.jpeg 1024w, https:\/\/www.fprenovation.com\/wp-content\/uploads\/2020\/12\/WhatsApp-Image-2020-11-17-at-20.46.05-1-1-300x169.jpeg 300w, https:\/\/www.fprenovation.com\/wp-content\/uploads\/2020\/12\/WhatsApp-Image-2020-11-17-at-20.46.05-1-1-768x432.jpeg 768w, https:\/\/www.fprenovation.com\/wp-content\/uploads\/2020\/12\/WhatsApp-Image-2020-11-17-at-20.46.05-1-1-1536x864.jpeg 1536w, https:\/\/www.fprenovation.com\/wp-content\/uploads\/2020\/12\/WhatsApp-Image-2020-11-17-at-20.46.05-1-1.jpeg 1600w\" sizes=\"(max-width: 589px) 100vw, 589px\" \/><\/figure>\n\n\n\n<blockquote class=\"wp-block-quote\"><p>Coloris \u00e9clatants et extr\u00eamement qualitatifs dans les chambres : du vert Diabolo, du bleu Sarah et du blanc 100% RESSOURCE PEINTURES<\/p><\/blockquote>\n\n\n\n<p class=\"has-black-color has-cyan-bluish-gray-background-color has-text-color has-background\">Projet Douzans<\/p>\n\n\n\n<h2>R\u00e9novation compl\u00e8te de la salle de bain, carrelage, fa\u00efence, colonne de douche, meuble vasque, pare baignoire, s\u00e8che-serviette&#8230;<\/h2>\n\n\n\n<figure class=\"wp-block-image size-large is-resized is-style-rounded\"><img loading=\"lazy\" src=\"http:\/\/www.fprenovation.com\/wp-content\/uploads\/2021\/04\/SDB-1-1024x759.jpeg\" alt=\"\" class=\"wp-image-116\" width=\"524\" height=\"388\" srcset=\"https:\/\/www.fprenovation.com\/wp-content\/uploads\/2021\/04\/SDB-1-1024x759.jpeg 1024w, https:\/\/www.fprenovation.com\/wp-content\/uploads\/2021\/04\/SDB-1-300x222.jpeg 300w, https:\/\/www.fprenovation.com\/wp-content\/uploads\/2021\/04\/SDB-1-768x569.jpeg 768w, https:\/\/www.fprenovation.com\/wp-content\/uploads\/2021\/04\/SDB-1.jpeg 1215w\" sizes=\"(max-width: 524px) 100vw, 524px\" \/><\/figure>\n\n\n\n<p><\/p>\n\n\n\n<blockquote class=\"wp-block-quote\"><p>Une belle fa\u00efence anthracite \u00e0 effet pierre, associ\u00e9e au mobilier en ch\u00eane blanchi pour un effet sobre et chic<\/p><\/blockquote>\n\n\n\n<p class=\"has-black-color has-cyan-bluish-gray-background-color has-text-color has-background\">Projet Cristal<\/p>\n\n\n\n<h2>R\u00e9novation compl\u00e8te de la zone s\u00e9jour cuisine de cet appartement de 70 m\u00b2<\/h2>\n\n\n\n<figure class=\"wp-block-image size-large is-style-rounded\"><img loading=\"lazy\" width=\"1024\" height=\"682\" src=\"https:\/\/www.fprenovation.com\/wp-content\/uploads\/2022\/01\/WhatsApp-Image-2022-01-18-at-18.36.52-2-1024x682.jpeg\" alt=\"\" class=\"wp-image-152\" srcset=\"https:\/\/www.fprenovation.com\/wp-content\/uploads\/2022\/01\/WhatsApp-Image-2022-01-18-at-18.36.52-2-1024x682.jpeg 1024w, https:\/\/www.fprenovation.com\/wp-content\/uploads\/2022\/01\/WhatsApp-Image-2022-01-18-at-18.36.52-2-300x200.jpeg 300w, https:\/\/www.fprenovation.com\/wp-content\/uploads\/2022\/01\/WhatsApp-Image-2022-01-18-at-18.36.52-2-768x511.jpeg 768w, https:\/\/www.fprenovation.com\/wp-content\/uploads\/2022\/01\/WhatsApp-Image-2022-01-18-at-18.36.52-2.jpeg 1077w\" sizes=\"(max-width: 767px) 89vw, (max-width: 1000px) 54vw, (max-width: 1071px) 543px, 580px\" \/><\/figure>\n\n\n\n<blockquote class=\"wp-block-quote\"><p>Mise en oeuvre d&rsquo;un carrelage tr\u00e8s original \u00e0 effet r\u00e9tro VIVESCERAMICA pour le sol de la cuisine<\/p><p><\/p><\/blockquote>\n\n\n\n<p class=\"has-black-color has-cyan-bluish-gray-background-color has-text-color has-background\">Projet L\u00e9ognan<\/p>\n\n\n\n<h2>R\u00e9novation partielle d&rsquo;une maison comprenant la cr\u00e9ation d&rsquo;une salle de bains, d&rsquo;une chambre d&rsquo;amis, la r\u00e9novation de la cuisine et des murs et sols<\/h2>\n\n\n\n<figure class=\"wp-block-image size-large is-style-rounded\"><img loading=\"lazy\" width=\"768\" height=\"1024\" src=\"http:\/\/www.fprenovation.com\/wp-content\/uploads\/2021\/11\/WhatsApp-Image-2021-11-30-at-20.22.00-1-768x1024.jpeg\" alt=\"\" class=\"wp-image-145\" srcset=\"https:\/\/www.fprenovation.com\/wp-content\/uploads\/2021\/11\/WhatsApp-Image-2021-11-30-at-20.22.00-1-768x1024.jpeg 768w, https:\/\/www.fprenovation.com\/wp-content\/uploads\/2021\/11\/WhatsApp-Image-2021-11-30-at-20.22.00-1-225x300.jpeg 225w, https:\/\/www.fprenovation.com\/wp-content\/uploads\/2021\/11\/WhatsApp-Image-2021-11-30-at-20.22.00-1.jpeg 1080w\" sizes=\"(max-width: 767px) 89vw, (max-width: 1000px) 54vw, (max-width: 1071px) 543px, 580px\" \/><figcaption>Peinture bleu marine Seigneurie, sol PVC effet b\u00e9ton pour le couloir d&rsquo;entr\u00e9e<\/figcaption><\/figure>\n\n\n\n<figure class=\"wp-block-image size-large is-style-rounded\"><img loading=\"lazy\" width=\"1024\" height=\"768\" src=\"http:\/\/www.fprenovation.com\/wp-content\/uploads\/2021\/11\/WhatsApp-Image-2021-11-30-at-20.22.00-1024x768.jpeg\" alt=\"\" class=\"wp-image-146\" srcset=\"https:\/\/www.fprenovation.com\/wp-content\/uploads\/2021\/11\/WhatsApp-Image-2021-11-30-at-20.22.00-1024x768.jpeg 1024w, https:\/\/www.fprenovation.com\/wp-content\/uploads\/2021\/11\/WhatsApp-Image-2021-11-30-at-20.22.00-300x225.jpeg 300w, https:\/\/www.fprenovation.com\/wp-content\/uploads\/2021\/11\/WhatsApp-Image-2021-11-30-at-20.22.00-768x576.jpeg 768w, https:\/\/www.fprenovation.com\/wp-content\/uploads\/2021\/11\/WhatsApp-Image-2021-11-30-at-20.22.00.jpeg 1440w\" sizes=\"(max-width: 767px) 89vw, (max-width: 1000px) 54vw, (max-width: 1071px) 543px, 580px\" \/><figcaption>Fa\u00efence m\u00e9tro pour cette salle d&rsquo;eau, avec une finition noire pour les profil\u00e9s de la verri\u00e8re et les \u00e9l\u00e9ments de douche<\/figcaption><\/figure>\n\n\n\n<p class=\"has-black-color has-cyan-bluish-gray-background-color has-text-color has-background\">Projet Taur<\/p>\n\n\n\n<h2>R\u00e9novation compl\u00e8te de cet appartement du centre ville de Toulouse, de la d\u00e9molition de toutes les cloisons \u00e0 l&rsquo;agencement du mobilier, en passant par la reprise du parquet et la cr\u00e9ation d&rsquo;une chambre<\/h2>\n\n\n\n<figure class=\"wp-block-image size-large is-style-rounded\"><img loading=\"lazy\" width=\"797\" height=\"719\" src=\"http:\/\/www.fprenovation.com\/wp-content\/uploads\/2021\/11\/salon-Taur-2.jpeg\" alt=\"\" class=\"wp-image-147\" srcset=\"https:\/\/www.fprenovation.com\/wp-content\/uploads\/2021\/11\/salon-Taur-2.jpeg 797w, https:\/\/www.fprenovation.com\/wp-content\/uploads\/2021\/11\/salon-Taur-2-300x271.jpeg 300w, https:\/\/www.fprenovation.com\/wp-content\/uploads\/2021\/11\/salon-Taur-2-768x693.jpeg 768w\" sizes=\"(max-width: 767px) 89vw, (max-width: 1000px) 54vw, (max-width: 1071px) 543px, 580px\" \/><figcaption>Vue d&rsquo;ensemble du s\u00e9jour et de la cuisine, verri\u00e8re 6 carreaux, parquet ponc\u00e9 et vitrifi\u00e9, faux plafonds et cloisons neuves. Peintures Seigneurie.<\/figcaption><\/figure>\n\n\n\n<figure class=\"wp-block-image size-large is-style-rounded\"><img loading=\"lazy\" width=\"768\" height=\"1024\" src=\"http:\/\/www.fprenovation.com\/wp-content\/uploads\/2021\/11\/WhatsApp-Image-2021-09-01-at-14.08.20-768x1024.jpeg\" alt=\"\" class=\"wp-image-148\" srcset=\"https:\/\/www.fprenovation.com\/wp-content\/uploads\/2021\/11\/WhatsApp-Image-2021-09-01-at-14.08.20-768x1024.jpeg 768w, https:\/\/www.fprenovation.com\/wp-content\/uploads\/2021\/11\/WhatsApp-Image-2021-09-01-at-14.08.20-225x300.jpeg 225w, https:\/\/www.fprenovation.com\/wp-content\/uploads\/2021\/11\/WhatsApp-Image-2021-09-01-at-14.08.20.jpeg 1080w\" sizes=\"(max-width: 767px) 89vw, (max-width: 1000px) 54vw, (max-width: 1071px) 543px, 580px\" \/><figcaption>Salle d&rsquo;eau compacte avec une verri\u00e8re en verre givr\u00e9 pour apporter de la lumi\u00e8re, vasque \u00e0 poser et miroir r\u00e9tro\u00e9clair\u00e9<\/figcaption><\/figure>\n","protected":false},"excerpt":{"rendered":"<p>Projet Lacanau R\u00e9novation totale d&rsquo;une maison de deux \u00e9tages avec reprises structurelles importantes Projet Morrison Agrandissement de la cuisine et cr\u00e9ation d&rsquo;un cellier Alternance de fa\u00efences CASALUX mates et brillantes en chevron pour une cr\u00e9dence \u00e9l\u00e9gante et originale Projet Raymondis R\u00e9am\u00e9nagement complet du rez de chauss\u00e9e d&rsquo;une maison pour cr\u00e9er deux chambres et une salle &hellip; <\/p>\n<p class=\"link-more\"><a href=\"https:\/\/www.fprenovation.com\/index.php\/nos-realisations\/\" class=\"more-link\">Continuer la lecture<span class=\"screen-reader-text\"> de &laquo;&nbsp;Nos r\u00e9alisations&nbsp;&raquo;<\/span><\/a><\/p>\n","protected":false},"author":1,"featured_media":0,"parent":0,"menu_order":0,"comment_status":"closed","ping_status":"closed","template":"","meta":[],"_links":{"self":[{"href":"https:\/\/www.fprenovation.com\/index.php\/wp-json\/wp\/v2\/pages\/22"}],"collection":[{"href":"https:\/\/www.fprenovation.com\/index.php\/wp-json\/wp\/v2\/pages"}],"about":[{"href":"https:\/\/www.fprenovation.com\/index.php\/wp-json\/wp\/v2\/types\/page"}],"author":[{"embeddable":true,"href":"https:\/\/www.fprenovation.com\/index.php\/wp-json\/wp\/v2\/users\/1"}],"replies":[{"embeddable":true,"href":"https:\/\/www.fprenovation.com\/index.php\/wp-json\/wp\/v2\/comments?post=22"}],"version-history":[{"count":13,"href":"https:\/\/www.fprenovation.com\/index.php\/wp-json\/wp\/v2\/pages\/22\/revisions"}],"predecessor-version":[{"id":190,"href":"https:\/\/www.fprenovation.com\/index.php\/wp-json\/wp\/v2\/pages\/22\/revisions\/190"}],"wp:attachment":[{"href":"https:\/\/www.fprenovation.com\/index.php\/wp-json\/wp\/v2\/media?parent=22"}],"curies":[{"name":"wp","href":"https:\/\/api.w.org\/{rel}","templated":true}]}}